{"id":49,"date":"2018-03-18T21:43:33","date_gmt":"2018-03-18T19:43:33","guid":{"rendered":"http:\/\/www.dentarose.com\/?page_id=49"},"modified":"2022-01-07T11:05:54","modified_gmt":"2022-01-07T08:05:54","slug":"iletisim","status":"publish","type":"page","link":"https:\/\/www.dentarose.com\/?page_id=49","title":{"rendered":"\u0130LET\u0130\u015e\u0130M"},"content":{"rendered":"\n<div class=\"wp-block-media-text alignwide is-stacked-on-mobile\"><figure class=\"wp-block-media-text__media\"><img loading=\"lazy\" decoding=\"async\" width=\"584\" height=\"452\" src=\"https:\/\/www.dentarose.com\/wp-content\/uploads\/adres.jpg\" alt=\"\" class=\"wp-image-1415 size-full\" srcset=\"https:\/\/www.dentarose.com\/wp-content\/uploads\/adres.jpg 584w, https:\/\/www.dentarose.com\/wp-content\/uploads\/adres-300x232.jpg 300w\" sizes=\"(max-width: 584px) 100vw, 584px\" \/><\/figure><div class=\"wp-block-media-text__content\">\n<iframe src=\"https:\/\/www.google.com\/maps\/embed?pb=!1m14!1m8!1m3!1d24083.90837414109!2d28.9401525!3d41.0145664!3m2!1i1024!2i768!4f13.1!3m3!1m2!1s0x14caba3aa48416d9%3A0x3a00d24707949534!2sdentarose!5e0!3m2!1str!2str!4v1641542634947!5m2!1str!2str\" width=\"600\" height=\"450\" style=\"border:0;\" allowfullscreen=\"\" loading=\"lazy\"><\/iframe>\n<\/div><\/div>\n","protected":false},"excerpt":{"rendered":"","protected":false},"author":1,"featured_media":0,"parent":0,"menu_order":6,"comment_status":"closed","ping_status":"closed","template":"","meta":{"footnotes":""},"_links":{"self":[{"href":"https:\/\/www.dentarose.com\/index.php?rest_route=\/wp\/v2\/pages\/49"}],"collection":[{"href":"https:\/\/www.dentarose.com\/index.php?rest_route=\/wp\/v2\/pages"}],"about":[{"href":"https:\/\/www.dentarose.com\/index.php?rest_route=\/wp\/v2\/types\/page"}],"author":[{"embeddable":true,"href":"https:\/\/www.dentarose.com\/index.php?rest_route=\/wp\/v2\/users\/1"}],"replies":[{"embeddable":true,"href":"https:\/\/www.dentarose.com\/index.php?rest_route=%2Fwp%2Fv2%2Fcomments&post=49"}],"version-history":[{"count":12,"href":"https:\/\/www.dentarose.com\/index.php?rest_route=\/wp\/v2\/pages\/49\/revisions"}],"predecessor-version":[{"id":1418,"href":"https:\/\/www.dentarose.com\/index.php?rest_route=\/wp\/v2\/pages\/49\/revisions\/1418"}],"wp:attachment":[{"href":"https:\/\/www.dentarose.com\/index.php?rest_route=%2Fwp%2Fv2%2Fmedia&parent=49"}],"curies":[{"name":"wp","href":"https:\/\/api.w.org\/{rel}","templated":true}]}}